 = -168*n + 158*n + 22810. What is the hundreds digit of n?
2
Let c = -7519 - -14028. What is the hundreds digit of c?
5
Suppose -h = -2*x + 4151, -4*h - 3773 = -3*x + 2446. What is the thousands digit of x?
2
Let j = -85 + 115. Suppose 34*a = j*a + 4652. Suppose a = 9*n - 34. What is the tens digit of n?
3
Let z be (5 - 2) + 3/(1 + 2). Let k be z/(-10) + (-85)/(-25) + -3. Suppose k = 4*x - x - 261. What is the units digit of x?
7
Suppose -4*w = 5*o + 2 + 21, 0 = -2*w + 2*o - 34. Let g(y) = 6*y**2 + 20*y + 40. What is the units digit of g(w)?
4
Let z be (-208)/(-78)*3/2. Suppose -u - z*u = 5, -u - 1981 = -4*c. What is the hundreds digit of c?
4
Let b(l) = 57*l + 225. Suppose 2*f - 2*v = v + 14, 3*v - 77 = -5*f. What is the hundreds digit of b(f)?
9
Suppose 3*z + r + 1255 = 0, -3*r - 1677 = 4*z + 2*r. What is the units digit of (-2)/(-11) + (-222300)/z?
2
Let o = 10121 - 932. What is the thousands digit of o?
9
Let s(q) = -15*q + 16*q + 7*q - 4*q**2 + 21*q**2 + 12 + 7*q**2. What is the hundreds digit of s(5)?
6
Let z be (-3)/2*((-5236)/(-21))/(-11). Suppose -3*c - 39 = -g - 9, -g - c = -z. Suppose -6*o - g = -9*o. What is the tens digit of o?
1
Let o be 4*(-5 + 4)*(-260)/(-8). Let l = 133 + o. What is the units digit of (-71 + 8)*l/(-9)?
1
Let r(w) = -w**2 + 9*w + 74. What is the units digit of r(13)?
2
Let q(h) = h**2 + 23*h - 63. Let b be q(-26). Suppose 5*i = -0*i + b. Suppose 96 = -i*m + 7*m. What is the units digit of m?
4
Suppose 51*m - 444658 = 229307. What is the ten thousands digit of m?
1
Let x = -326 - -329. Suppose t - x*l = 565, -4*t - 4*l - l + 2328 = 0. What is the hundreds digit of t?
5
Suppose o = 3*l - 1653, -3*l = -3*o - 333 - 1314. Suppose -3*x - 195 = -l. What is the tens digit of x?
1
Let n be 3/21 + (-222)/(-14). Let o be 10 - (-2 - (2 + n/(-4))). What is the tens digit of (-11)/((-44)/336)*o/8?
0
Suppose 3*g - 5*b = -111, -b + 26 + 139 = -4*g. Let m(k) = -154*k + 697. Let h be m(6). Let p = g - h. What is the units digit of p?
5
Suppose -218*a + 3682 = -211*a. Let s(h) = -54*h - 2. Let t be s(-4). Suppose a = 5*f - t. What is the hundreds digit of f?
1
Let l be (-16)/72 - (-1)/(18/40). Suppose -1 = l*v + 7. What is the tens digit of 79 - 3 - (-4)/v?
7
Suppose 3*h - 36273 = -3*n, 84658 = 7*h + 7*n - 3*n. What is the units digit of h?
8
Let j = 237084 + -149596. What is the hundreds digit of j?
4
Let q = -48 - -57. What is the tens digit of ((-16)/20)/(q/(-7065))?
2
Let b be 4/18 + 7260/135. Suppose 3*v + 5*x + 380 - 1514 = 0, -2*x + 756 = 2*v. Suppose v + b = 4*k. What is the units digit of k?
8
Suppose 0 = 2*d - w + 5, -2*d - 7*w - 11 = -6*w. Let i be (-3)/d + 143/44. Suppose 5*g - 13 = i*g. What is the tens digit of g?
1
Let g = -14349 + 19358. What is the hundreds digit of g?
0
Let i be (46/(-6) + 3)*(-63)/(-42). What is the hundreds digit of 3*((i - -11) + (-1496)/(-6))?
7
Let a = 10230 + -6126. Suppose -7*h - 17*h + a = 0. What is the units digit of h?
1
Let i = -1348 + -1614. Let a = -2095 - i. What is the tens digit of a?
6
Suppose 2*i = i - 15. Suppose -3*c + l = 6 - 11, -c = -2*l. What is the tens digit of c/(-6) + (-4 - 2675/i)?
7
Let j = 145 + -140. Suppose -5*t + 2429 - 254 = j*o, 3*o = -t + 1315. What is the tens digit of o?
4
Let l be (2 - 11 - -4) + 9. Suppose 0 = 10*m - 8*m - l. Suppose m*i + 2*h = 452, 3*i - 4*h - 613 = 65. What is the tens digit of i?
2
Let t(q) = 29*q**2 + 10*q - 1137. What is the hundreds digit of t(-37)?
1
Let o(d) = 6*d + 17. Let m be o(-4). Let y be 3/m - 312/7. Let x = 14 - y. What is the tens digit of x?
5
Let f(a) = 2*a**3 - 19*a**2 - 13*a + 24. Let y be f(10). Let l(w) = -w**2 - 2*w + 3*w**2 + 1 + 0. What is the tens digit of l(y)?
8
Let d = 157 - 140. What is the tens digit of 11*(6 + d) + 0 + 1?
5
Let i(j) be the first derivative of 4*j**2 - 4*j - 2. Let f be 32/(-4)*(-1)/2. What is the units digit of i(f)?
8
Suppose -o = -5*b + 11, 2*b + 3*o - 8 - 10 = 0. Suppose d + 452 = -b*d. Let h = 78 - d. What is the units digit of h?
1
Let q(l) = -2*l**3 + l**2 - 2*l - 1. Suppose -2*j + 4*c + 6 = 0, 4*c + 9 = 4*j - 15. Let t = 6 - j. What is the tens digit of q(t)?
6
Suppose 215*v + 59 = 216*v. What is the units digit of 1298/v + 1/(-2)*-2?
3
Suppose 148638 = 78*z + 67*z - 143*z. What is the units digit of z?
9
Suppose 3*u + 24974 = 5*h - 846, -5*u + 10297 = 2*h. What is the tens digit of h?
6
Let m(y) = -1854*y**3 + 55*y**2 + 101*y - 17. What is the tens digit of m(-2)?
3
Let b = 916 - 541. Suppose 2*r - 5*d = 217, -d = 3*r - b + 75. What is the tens digit of r?
0
Let d(v) = -v**3 - 10*v**2 + 6*v - 31. Let h be d(-11). Suppose h*m - 7*m = 714. What is the units digit of m?
2
Let w be ((-420)/(-8))/(-21)*6/(-5). What is the tens digit of 199625/375 + ((-2)/w)/(-1)?
3
Let x = 2225 + -1463. Suppose -769*i + x*i + 5922 = 0. What is the units digit of i?
6
Suppose f = 3*q - 16 - 1, -4*f = 4*q - 12. Suppose 3*w - q*w - 6 = 0, -2*w + 659 = p. What is the units digit of p?
5
Let k(u) = u**2 + 7*u - 6. Let z be k(-8). Suppose -101*r + 99*r - 17 = -3*x, -4*r = 16. What is the units digit of (z - 5)/(x/(-232))?
2
Let x(k) = 5*k**2 + 4*k + 15. Let d(c) = -6*c**2 - 5*c - 16. Let z(y) = 3*d(y) + 4*x(y). What is the hundreds digit of z(13)?
3
Suppose -4*m - o + 14093 = -11409, -25520 = -4*m - 4*o. What is the hundreds digit of m?
3
Suppose -81*r - 88*r = -3298542. What is the tens digit of r?
1
Let c = 55763 + -39700. What is the units digit of c?
3
Let f(k) = 2003*k**3 - 134*k**2 + 6*k - 6. What is the thousands digit of f(2)?
5
Suppose -7*m + 4*m = 4*z - 2, -z - 9 = -4*m. Suppose -1490 = -3*v + 2*o, -5*o = -m*v + 7*v - 2525. What is the hundreds digit of v?
5
Let p = 839 - -55. Let s = p + -378. What is the tens digit of s?
1
Let p = -104 + 107. Suppose z + 0*n - 4*n = 354, -1046 = -p*z + 4*n. What is the tens digit of z?
4
Let r(l) = 5*l**3 + l**2 - 15*l - 121. What is the thousands digit of r(15)?
6
Suppose -35*r + 78*r - 25*r = 126234. What is the thousands digit of r?
7
Let l be -12*((-52)/8 - -6). What is the tens digit of 317/(l - (-4 - -8))*2?
1
Suppose -10251 = -3*a + 2*x, 39*x = 40*x + 3. What is the units digit of a?
5
Let f = -289 + 309. What is the units digit of 171*(4/3 - f/(-12))?
3
Let c = -599 + 986. Let f = c + -375. What is the tens digit of f?
1
Let x be -4 - ((-12)/3 + 0). Suppose g - 87 + 15 = x. Let v = g - -11. What is the units digit of v?
3
Suppose 0 = -v + 4*r + 1885, 4*v + 3*r = 5551 + 1894. Suppose -8*n + 1047 = -v. What is the hundreds digit of n?
3
Let c(h) = -3*h**2 - 3*h - 3. Let u be c(-1). Let b be (1/u)/(11/(-3003)). Let n = 158 - b. What is the tens digit of n?
6
Let v(m) = -577*m + 8. Let q be v(-1). Let t = 928 - q. What is the hundreds digit of t?
3
Let m(j) = -17*j - 44. Let s be m(-4). What is the tens digit of 2/s*-9 + 166/8?
2
Let m = 28 + -2. Suppose -4*i + m = 10. Suppose -f - 5*s + 92 = i, 2*f - s = 187. What is the units digit of f?
3
Suppose 127976 = -13*o + 521785. What is the thousands digit of o?
0
Let s = -59 - -63. Let u be (13/(65/(-24)))/(s/(-10)). Suppose -u = -4*y - 4*j, 0 = 3*j - 5*j - 6. What is the units digit of y?
6
Let r = 22416 + -8404. What is the hundreds digit of r?
0
Suppose 3*o - 46 = 4*s, 13*s - 15*s = 5*o - 94. Let w be 15*10/(-12)*-460. What is the tens digit of 1*4/o + w/45?
2
Let n(u) = 58*u**2 + 101*u**2 - 90*u**2. What is the units digit of n(-2)?
6
Suppose 12*f - 171 - 89 = 7*f. Let o(m) = m**2 - m + 49. Let z be o(0). Suppose f*h = z*h + 387. What is the tens digit of h?
2
Let h(l) = -l**2 + 3*l + 49. Let r be h(-6). Let s(m) = -14 + 13*m + 8 - 3 + 4*m**2. What is the tens digit of s(r)?
2
Suppose 17*m = m + 41584. Suppose -m = -8*y - 215. What is the units digit of y?
8
Suppose 4*m = 4*b - 105800, 5*b - 124*m = -122*m + 132259. What is the units digit of b?
3
Suppose -k = -5*p - 100, 3*k - 260 = -0*k + 5*p. Let i = k - -477. What is the hundreds digit of i?
5
Let o = -13616 + 34954. What is the units digit of o?
8
Suppose -1202 = 11*f - 102. Let g = -95 - f. Let s = g - -67. What is the tens digit of s?
7
Suppose 3*a + 4*a - 140 = 0. What is the units digit of (-465)/(-6)*32/a?
4
Let q(z) be the third derivative of z**5/3 + z**4/24 + 7*z**3/6 + 20*z**2. Let i be q(3). Suppose 0 = -2*t - 50 + i. What is the tens di